ase 5) to base 13.
-358130
What is 111101001101 (base 2) in base 13?
1a24
Convert -10310131 (base 4) to base 5.
-1112431
What is 11520 (base 15) in base 5?
3231110
What is -102cc64 (base 13) in base 10?
-4912405
What is 180695 (base 11) in base 12?
115569
What is 4004511 (base 8) in base 12?
428235
What is 1d4c76 (base 15) in base 11?
89a275
-101000101010110110011 (base 2) to base 13
-378773
Convert 22023320 (base 4) to base 9.
63205
-67928 (base 12) to base 14
-3833a
Convert -159927 (base 10) to base 14.
-423d5
What is -4730440 (base 10) in base 13?
-c981a0
-1c160 (base 16) to base 7
-656252
What is -70323 (base 10) in base 7?
-412011
What is -18822 (base 9) in base 13?
-5c39
-4103223 (base 5) to base 11
-456a8
Convert -2000413 (base 6) to base 11.
-64249
What is -21b9d (base 15) in base 13?
-39a7b
-17100222 (base 8) to base 7
-45462661
What is -100110101111101 (base 2) in base 10?
-19837
What is -11011010110001101010 (base 2) in base 3?
-1200112020010
10000100101000010110001 (base 2) to base 12
1557095
Convert 11030233010 (base 4) to base 9.
2506465
Convert 1012110222211 (base 3) to base 11.
3a7378
-41404510 (base 6) to base 14
-232b10
What is 110101001001111110111001 (base 2) in base 11?
7958237
-410052202 (base 6) to base 11
-3a55283
267413 (base 10) to base 15
54378
Convert 66532146 (base 7) to base 8.
25711227
What is -101010010110101000 (base 2) in base 4?
-222112220
Convert -20212122000201 (base 3) to base 9.
-6778021
What is 100011000010010011 (base 2) in base 10?
143507
Convert 1201000010222 (base 3) to base 5.
212434100
Convert -6db8e (base 15) to base 11.
-21a155
What is 1493727 (base 13) in base 16?
645ac5
Convert -73569 (base 12) to base 11.
-a3608
Convert 651416 (base 7) to base 2.
11011101011110111
What is 150132531 (base 6) in base 8?
13626207
What is -8a81 (base 16) in base 11?
-24704
What is -952099 (base 13) in base 2?
-1101010011110011000010
What is 220402 (base 14) in base 16?
1198f2
What is 3cabc (base 14) in base 6?
3115502
-80809 (base 11) to base 9
-200007
Convert 10100323131 (base 4) to base 3.
2002210111100
What is -4858 (base 12) in base 5?
-230012
Convert 111001000101000000110 (base 2) to base 8.
7105006
Convert 2141b (base 15) to base 6.
2132355
Convert 6294277 (base 11) to base 5.
10314321022
What is -555140 (base 7) in base 16?
-17e28
Convert abab9 (base 12) to base 3.
102120200120
Convert 10220200112011 (base 3) to base 9.
3820464
-167831 (base 10) to base 3
-22112012222
Convert 16011725 (base 8) to base 5.
1420100333
What is 23211320312 (base 4) in base 15?
40059e
Convert 18792b (base 13) to base 3.
1011022222102
-b9d5c4 (base 14) to base 11
-361228a
What is 692167 (base 11) in base 5?
240212211
14197 (base 14) to base 15
eaeb
-33e71 (base 15) to base 13
-5a2b0
1311310220 (base 5) to base 9
6061076
What is -a96a3 (base 11) in base 7?
-1232136
Convert 300330312230 (base 4) to base 3.
220010221102122
What is 1bc98 (base 16) in base 7?
652553
23635 (base 7) to base 8
14007
What is 3c3aee (base 15) in base 12?
b79268
Convert -65300 (base 8) to base 9.
-41434
Convert -8296c (base 16) to base 11.
-335966
Convert -25343 (base 11) to base 12.
-1904b
What is -11112322220 (base 4) in base 9?
-2570648
What is -13052102 (base 6) in base 4?
-1220031212
Convert 45c619 (base 14) to base 9.
4423280
What is -78ad6c (base 14) in base 4?
-33221200210
What is -40683 (base 9) in base 13?
-c27c
Convert -1c062 (base 14) to base 6.
-1310410
Convert 102102011 (base 3) to base 2.
10000010000000
Convert 154301 (base 10) to base 2.
100101101010111101
What is -20220211012 (base 3) in base 8?
-412001
What is 3f36f (base 16) in base 11?
167599
-724461 (base 8) to base 5
-30134141
Convert 333325555 (base 6) to base 7.
102250232
Convert -12121001221 (base 3) to base 14.
-2c1c7
-5066635 (base 8) to base 12
-546911
24564216 (base 7) to base 6
115310410
What is -33504765 (base 8) in base 9?
-14561246
What is 4000529 (base 11) in base 13?
1611928
Convert -2325244 (base 6) to base 16.
-1d65c
Convert 410564 (base 8) to base 6.
2523300
Convert -11010000000100111 (base 2) to base 7.
-622412
456549 (base 10) to base 16
6f765
36e4a (base 15) to base 8
526361
Convert 1437551 (base 8) to base 7.
3323505
Convert 20002220002001 (base 3) to base 13.
898369
What is -14277126 (base 9) in base 6?
-411412210
Convert -2ca05 (base 15) to base 8.
-431205
What is -451250231 (base 6) in base 12?
-28a9977
-335110510 (base 6) to base 4
-113112123222
Convert 43145123 (base 6) to base 10.
1273803
-1650611 (base 7) to base 14
-60178
322132323 (base 5) to base 9
2510027
-437083 (base 10) to base 4
-1222231123
-1054411 (base 8) to base 6
-10035053
16022226 (base 7) to base 13
419913
What is 3e721 (base 15) in base 4?
301000123
What is 7c9227 (base 16) in base 6?
450551423
Convert 163532 (base 8) to base 12.
2a336
Convert -1051512 (base 7) to base 15.
-288d6
What is 112550002 (base 7) in base 13?
15837b5
What is 360f (base 16) in base 6?
144023
What is 628ab5 (base 12) in base 10?
1549865
Convert 10102021110002 (base 3) to base 7.
21303143
What is -160120402 (base 7) in base 15?
-e1d961
What is 53521 (base 6) in base 15?
2281
Convert -19c231d (base 14) to base 11.
-7278733
What is -7704192 (base 10) in base 9?
-15442143
1221115 (base 6) to base 8
177047
-218566 (base 9) to base 7
-1053540
What is 20618704 (base 9) in base 2?
100101111001000110001100
What is -24a469 (base 11) in base 5?
-100111120
-1111001200 (base 3) to base 5
-1413310
Convert 33021202013 (base 4) to base 7.
45516602
4b2866 (base 13) to base 2
110111000101101110101
5608244 (base 9) to base 2
1011100000101100111101
What is -20143223 (base 7) in base 2?
-110011000110110010001
What is 86460 (base 9) in base 15?
11e60
What is 1713136 (base 10) in base 9?
3200874
Convert 17ad06 (base 14) to base 11.
521714
What is 6526664 (base 7) in base 14?
16a6db
-82520 (base 10) to base 16
-14258
What is -10111101100001100 (base 2) in base 7?
-552622
What is -1155005 (base 7) in base 6?
-3102005
19877 (base 11) to base 4
12300120
Convert 81037 (base 10) to base 9.
133141
-1506a3 (base 12) to base 3
-122221220120
-3557260 (base 8) to base 10
-974512
What is 853127 (base 13) in base 16?
2f9b46
d8d62 (base 15) to base 6
22425502
What is -378b788 (base 12) in base 8?
-51415230
What is 1233004 (base 6) in base 8?
202274
20013210 (base 5) to base 9
258703
1765307 (base 9) to base 3
1212012100021
-3133243 (base 6) to base 3
-21202000200
87395 (base 10) to base 12
426ab
What is -218b703 (base 12) in base 13?
-1434168
306451 (base 9) to base 10
181891
What is -334222010 (base 5) in base 11?
-919358
34546615 (base 7) to base 4
23211200230
What is -3494920 (base 10) in base 13?
-954a00
What is 442 (base 5) in base 6?
322
What is -1231630 (base 7) in base 9?
-262244
What is -133013310231 (base 4) in base 15?
-ab2509
-734427 (base 12) to base 2
-110111010010001011111
-38197 (base 14) to base 11
-94367
Convert 110041 (base 9) to base 2.
10000000001101111
1eb0 (base 16) to base 6
100212
Convert 7296a6 (base 11) to base 14.
22628c
Convert 77413 (base 14) to base 2.
1000110100010011001
100100111011011110000 (base 2) to base 14
236dd6
-4341336 (base 7) to base 2
-10000001101011000010
What is -130350125 (base 6) in base 4?
-21232120211
-10101011110100101001 (base 2) to base 14
-1446a5
What is -352210343 (base 6) in base 12?
-22399b3
816 (base 14) to base 8
3064
-143320004 (base 6) to base 13
-7ca8b4
Convert 642405 (base 9) to base 12.
165305
1163251 (base 7) to base 3
21121210111
-46b47 (base 12) to base 2
-10111001011100111
Convert 1255420 (base 7) to base 2.
101000010101001001
Convert -5c4684 (base 13) to base 4.
-20123111103
-330d55 (base 14) to base 9
-3227854
-50132423 (base 6) to base 9
-2581726
-11bf0a (base 16) to base 2
-100011011111100001010
What is 150d46 (base 16) in base 5?
323122104
What is 42114304 (base 5) in base 16?
54faf
14167251 (base 8) to base 3
20000220221022
-125b572 (base 12) to base 14
-69c7b0
What is 141806c (base 13) in base 16?
6104c0
What is -40445 (base 7) in base 2?
-10011001101001
Convert -5a9475 (base 15) to base 3.
-22011012211102
2203410 (base 5) to base 14
dbac
Convert 622764 (base 8) to base 2.
110010010111110100
Convert -111a2 (base 12) to base 9.
-34155
-155521543 (base 6) to base 10
-3354471
What 